e 2, what is -1000110101000 + 10011?
-1000110010101
In base 2, what is 1100110 - 11101110110?
-11100010000
In base 13, what is 30b - 1b89?
-187b
In base 16, what is a2 + 1a5?
247
In base 3, what is -1002001010 + -10?
-1002001020
In base 7, what is 6 + -11336124?
-11336115
In base 11, what is 24855 - -6?
24860
In base 15, what is -2be - -3cb?
10c
In base 16, what is -1 + -2b5bf?
-2b5c0
In base 13, what is -175 + -30?
-1a5
In base 4, what is -1022 + -2230?
-3312
In base 16, what is a57 + -10?
a47
In base 7, what is -25456 + -205?
-25664
In base 6, what is -12150 - -4?
-12142
In base 16, what is -2f373 + -4?
-2f377
In base 10, what is 1415 - -132?
1547
In base 14, what is 3d607 - -23?
3d62a
In base 5, what is 11442033 + 13?
11442101
In base 9, what is 58236 - 57?
58168
In base 14, what is 3a8c82 + -2?
3a8c80
In base 16, what is -30 + -f6?
-126
In base 14, what is 601 - -2?
603
In base 14, what is 54b2d + 0?
54b2d
In base 9, what is 62 - 82568?
-82506
In base 4, what is -112 + -120022?
-120200
In base 14, what is 1606 + -4?
1602
In base 7, what is 3 - 2644110?
-2644104
In base 16, what is -154d7b + 0?
-154d7b
In base 15, what is 203 + 19?
21c
In base 4, what is 20332222 + 231?
20333113
In base 6, what is 1 + -101524?
-101523
In base 8, what is -2507 - -252?
-2235
In base 10, what is -2478 + 9?
-2469
In base 10, what is 1 + -39061?
-39060
In base 15, what is -54 + 65e0?
658b
In base 10, what is -35 - -2472?
2437
In base 13, what is 2 + -1a0c25?
-1a0c23
In base 5, what is 10340 - -1?
10341
In base 14, what is 15789 + 0?
15789
In base 14, what is 58 - 4b7?
-45d
In base 16, what is 4 + -1dc4?
-1dc0
In base 12, what is -540725 - -1?
-540724
In base 4, what is -2331303 + 0?
-2331303
In base 6, what is -22521042 - -4?
-22521034
In base 12, what is -2 + 22838?
22836
In base 11, what is 26068 - 4?
26064
In base 15, what is -5 - -5b4c?
5b47
In base 13, what is 2 + a274?
a276
In base 16, what is -c7 + 93?
-34
In base 10, what is -23 + -9560?
-9583
In base 12, what is -2604 + -27?
-262b
In base 5, what is -240 - 123022?
-123312
In base 14, what is 12 + 6b45?
6b57
In base 3, what is -212 - 112111120212?
-112111121201
In base 2, what is 10000100110 - -100011?
10001001001
In base 8, what is 2241 + 40?
2301
In base 7, what is 1552 - -6?
1561
In base 14, what is 1333 + -3?
1330
In base 12, what is 129859 - 5?
129854
In base 10, what is 105676 - 2?
105674
In base 7, what is -664 + -6634?
-10631
In base 6, what is 1 + -22211200?
-22211155
In base 16, what is fa + 134?
22e
In base 6, what is -1344 - 103524?
-105312
In base 2, what is -1 - -101001101111000000?
101001101110111111
In base 14, what is 3 - -9712?
9715
In base 6, what is 14305155 + 1?
14305200
In base 13, what is 303 - 0?
303
In base 9, what is -131 + 372?
241
In base 2, what is -100001110 - -11010111000?
10110101010
In base 14, what is -86 + -36a5?
-374b
In base 7, what is 505 - 35413?
-34605
In base 10, what is 3082 - 66?
3016
In base 5, what is 231400 - 40?
231310
In base 15, what is -c8 + 1e1?
118
In base 10, what is 149 - -9437?
9586
In base 9, what is -268 + -184?
-463
In base 2, what is -100011 - 11011011101100?
-11011100001111
In base 15, what is b - -87365?
87371
In base 5, what is -11301210 - 0?
-11301210
In base 15, what is 3 + -40a24?
-40a21
In base 10, what is 19982 - 2?
19980
In base 10, what is -2 + 29828?
29826
In base 14, what is -8bb3 + -71?
-8c44
In base 6, what is -5 - -101225?
101220
In base 8, what is -133112 - 170?
-133302
In base 8, what is -145 - -1317?
1152
In base 4, what is -12321120 + -130?
-12321310
In base 16, what is -30f8e - 5?
-30f93
In base 8, what is 4 - -3555723?
3555727
In base 8, what is 3076 - -101?
3177
In base 12, what is 13a8b + -49?
13a42
In base 4, what is -1 - 3300011?
-3300012
In base 14, what is -217 - -1056?
c3d
In base 16, what is -12378 + -20?
-12398
In base 5, what is -2 - -340104?
340102
In base 4, what is 10 - -2213020?
2213030
In base 9, what is 126738 + -5?
126733
In base 15, what is 0 - 200c5?
-200c5
In base 16, what is 1c + -4b2?
-496
In base 11, what is -24 - -872?
849
In base 6, what is -10510034 + -5?
-10510043
In base 8, what is 30443 - 1?
30442
In base 14, what is 1884 - 1b6?
16ac
In base 9, what is -172 + 178?
6
In base 16, what is b + -4b59?
-4b4e
In base 13, what is -28 + 2172?
2147
In base 12, what is -27b + -9b1?
-1070
In base 3, what is -11 - -102001112210?
102001112122
In base 11, what is 5 + -10979?
-10974
In base 12, what is 2 + 10435?
10437
In base 12, what is 247 - -59?
2a4
In base 12, what is -4 - -10540?
10538
In base 8, what is -74630 - -3?
-74625
In base 5, what is 11021324412 + 1?
11021324413
In base 2, what is 110101111101 - -10001011000?
1000111010101
In base 2, what is 11010 + 1101110?
10001000
In base 11, what is -796a11 - -1?
-796a10
In base 4, what is -11 - -110321212?
110321201
In base 13, what is 47 - 1a2b6?
-1a26c
In base 9, what is -1273 - -162?
-1111
In base 4, what is 0 + -112112022?
-112112022
In base 11, what is -20 + -3a394?
-3a404
In base 8, what is 53534 - -5?
53541
In base 16, what is -1ddb9 - 6?
-1ddbf
In base 13, what is 5 + -9c2a?
-9c25
In base 10, what is 511 - 6?
505
In base 8, what is -33 - -545551?
545516
In base 10, what is -42461 - 7?
-42468
In base 9, what is -10645 + 16?
-10628
In base 2, what is 1101100011010001 + -101?
1101100011001100
In base 9, what is 13636 + -113?
13523
In base 10, what is 28702 + -1?
28701
In base 15, what is -572 - -45?
-52c
In base 9, what is 446 - 150?
286
In base 16, what is -22a + -20?
-24a
In base 7, what is 1123402 - 0?
1123402
In base 5, what is 2231224 - -2?
2231231
In base 5, what is -2 - -20303431?
20303424
In base 13, what is -12 + 22a?
218
In base 3, what is -1002011 - -2201?
-222110
In base 5, what is -101131140 + -12?
-101131202
In base 7, what is -33530 + 12?
-33515
In base 12, what is 4 - -1333a5?
1333a9
In base 16, what is 238 - -172?
3aa
In base 16, what is -4d - -1330?
12e3
In base 10, what is -1014 - -127?
-887
In base 9, what is 181438 + 2?
181441
In base 11, what is 80949 - 1?
80948
In base 6, what is -13 + -410335?
-410352
In base 7, what is -1 - 10015545?
-10015546
In base 11, what is -25a - -6a?
-1a0
In base 5, what is -22 + -12024214?
-12024241
In base 3, what is -201101200 - 2?
-201101202
In base 14, what is -1 + -703?
-704
In base 4, what is 3 + 11233?
11302
In base 3, what is 202 - 200202011?
-200201102
In base 4, what is 11 + 20013210?
20013221
In base 16, what is -4 - -2ce9?
2ce5
In base 10, what is -8218 - -52?
-8166
In base 13, what is 9a20 + 4?
9a24
In base 4, what is -1301 + 102121320?
102120013
In base 13, what is 364 - b3?
281
In base 3, what is 10021 - 122200?
-112102
In base 7, what is 102 + 4433?
4535
In base 15, what is a0 - 1483?
-13d3
In base 13, what is -20 + -1bac0?
-1bb10
In base 12, what is -43b - 7?
-446
In base 2, what is 10110110000110100 + 100?
10110110000111000
In base 3, what is 102121220 - -2?
102121222
In base 7, what is 326206 + 4?
326213
In base 5, what is -12 + -24234?
-24301
In base 12, what is -12929 - -29?
-12900
In base 14, what is 4 - -628d?
6293
In base 5, what is 330 + -44123?
-43243
In base 13, what is 4 - 5a73?
-5a6c
In base 2, what is -10010001101001001 + -1010?
-10010001101010011
In base 9, what is 520 + -567?
-47
In base 7, what is 3 - 201112?
-201106
In base 16, what is 0 + 79cb?
79cb
In base 10, what is 0 + -92901?
-92901
In base 2, what is -1011010 - -10001100110?
10000001100
In base 12, what is 5 - 5bb37?
-5bb32
In base 5, what is 20441 - 12114?
3322
In base 7, what is 3026 + 1062?
4121
In base 8, what is -717 + -136?
-1055
In base 4, what is 20101230 - -1002?
20102232
In base 4, what is 332320 - -1?
332321
In base 15, what is -277d6 - -3?
-277d3
In base 12, what is 63b46 - 10?
63b36
In base 13, what is -6a + 20c?
172
In base 9, what is -4 + 48784?
48780
In base 3, what is 110 + -100121102?
-100120222
In base 7, what is 21 + -26343?
-26322
In base 10, what is 400 - -30?
430
In base 14, what is -1a02b4 - -6?
-1a02ac
In base 9, what is 338005 - -1?
338006
In base 6, what is 24 + 5500303?
5500331
In base 9, what is -134011 - 3?
-134014
In base 15, what is -51 - 1c9?
-22a
In base 15, what is -47 - 1a27?
-1a6e
In base 11, what is -20 - -4805?
4795
In base 8, what is 125563 + 1?
125564
In base 4, what is